greatest common divisor of 1072 and 592?
16
What is the highest common factor of 54 and 150?
6
Calculate the highest common factor of 114 and 5282.
38
What is the greatest common factor of 45 and 171?
9
What is the highest common factor of 6 and 186?
6
Calculate the highest common factor of 120 and 5100.
60
Calculate the greatest common divisor of 264 and 168.
24
Calculate the greatest common divisor of 55430 and 460.
230
What is the greatest common factor of 22 and 176?
22
Calculate the greatest common factor of 448 and 2.
2
What is the greatest common factor of 12 and 362?
2
Calculate the greatest common factor of 506 and 55.
11
Calculate the greatest common factor of 292 and 28.
4
Calculate the greatest common divisor of 40 and 140.
20
What is the highest common divisor of 98 and 1918?
14
What is the highest common factor of 456 and 19722?
114
Calculate the highest common divisor of 132 and 1644.
12
Calculate the greatest common divisor of 20 and 1220.
20
Calculate the greatest common divisor of 121 and 957.
11
Calculate the highest common divisor of 11 and 143.
11
Calculate the highest common factor of 217 and 7.
7
What is the highest common divisor of 3689 and 34?
17
What is the greatest common factor of 1339 and 52?
13
Calculate the highest common factor of 321 and 2033.
107
Calculate the highest common divisor of 57 and 95.
19
What is the greatest common factor of 639 and 497?
71
Calculate the greatest common divisor of 11 and 451.
11
Calculate the greatest common factor of 240 and 1620.
60
What is the highest common factor of 40 and 3840?
40
Calculate the highest common factor of 2512 and 16.
16
Calculate the highest common divisor of 201 and 1139.
67
What is the greatest common factor of 250 and 60?
10
What is the greatest common divisor of 46 and 368?
46
Calculate the highest common factor of 4 and 514.
2
Calculate the greatest common divisor of 77 and 11.
11
What is the greatest common divisor of 830 and 1826?
166
What is the highest common divisor of 45 and 9?
9
What is the highest common divisor of 86 and 1634?
86
What is the highest common divisor of 348 and 16878?
174
Calculate the highest common factor of 57 and 57.
57
What is the greatest common factor of 91 and 49?
7
What is the highest common divisor of 120 and 2136?
24
Calculate the greatest common factor of 140 and 3780.
140
Calculate the highest common factor of 9750 and 39.
39
Calculate the highest common divisor of 501 and 5344.
167
What is the greatest common factor of 165 and 33?
33
Calculate the highest common factor of 18 and 19854.
18
What is the highest common factor of 26 and 572?
26
What is the highest common factor of 25 and 1465?
5
Calculate the highest common factor of 17 and 187.
17
What is the highest common factor of 272 and 8296?
136
What is the greatest common divisor of 560 and 2680?
40
What is the highest common factor of 9 and 15?
3
What is the greatest common divisor of 495 and 135?
45
Calculate the highest common divisor of 774 and 8342.
86
What is the greatest common divisor of 2136 and 36?
12
What is the highest common factor of 400 and 32?
16
Calculate the highest common factor of 32 and 1264.
16
Calculate the highest common divisor of 2 and 1531.
1
Calculate the greatest common divisor of 1456 and 378.
14
What is the greatest common factor of 26 and 325?
13
What is the greatest common divisor of 2673 and 9963?
243
Calculate the highest common factor of 444 and 777.
111
What is the highest common divisor of 540 and 2880?
180
Calculate the highest common divisor of 840 and 70.
70
What is the greatest common factor of 1897 and 813?
271
Calculate the greatest common divisor of 98 and 42.
14
Calculate the highest common factor of 132 and 72.
12
Calculate the greatest common factor of 5170 and 110.
110
What is the highest common factor of 195 and 2405?
65
What is the highest common divisor of 247 and 152?
19
What is the greatest common divisor of 1328 and 64?
16
What is the highest common divisor of 10 and 1030?
10
What is the greatest common divisor of 5 and 7?
1
Calculate the highest common factor of 32661 and 171.
171
What is the greatest common factor of 2519 and 11?
11
What is the highest common divisor of 189 and 861?
21
What is the highest common factor of 150 and 35130?
30
What is the highest common divisor of 442 and 51?
17
What is the greatest common divisor of 36 and 32?
4
What is the greatest common divisor of 80 and 640?
80
What is the highest common divisor of 2370 and 120?
30
What is the greatest common divisor of 6206 and 58?
58
Calculate the highest common divisor of 17259 and 33.
33
Calculate the greatest common divisor of 1095 and 15.
15
What is the greatest common divisor of 8077 and 123?
41
What is the greatest common divisor of 2784 and 240?
48
Calculate the highest common factor of 32 and 12.
4
Calculate the greatest common factor of 96 and 204.
12
What is the greatest common factor of 85 and 935?
85
Calculate the highest common factor of 56 and 56.
56
Calculate the highest common factor of 26 and 65.
13
What is the greatest common factor of 168 and 6699?
21
Calculate the greatest common divisor of 68067 and 54.
27
What is the greatest common divisor of 8 and 19512?
8
Calculate the highest common factor of 9 and 453.
3
Calculate the highest common divisor of 294 and 210.
42
Calculate the greatest common divisor of 728 and 280.
56
What is the greatest common factor of 34 and 20077?
17
Calculate the highest common divisor of 4246 and 579.
193
Calculate the greatest common factor of 40 and 8840.
40
What is the highest common factor of 8 and 31?
1
What is the greatest common divisor of 450 and 36?
18
What is the highest common divisor of 361 and 38?
19
Calculate the greatest common divisor of 2453 and 44.
11
What is the highest common divisor of 22905 and 90?
45
Calculate the highest common factor of 3 and 129.
3
What is the greatest common factor of 704 and 64?
64
Calculate the highest common factor of 16 and 15728.
16
What is the highest common divisor of 40 and 1070?
10
Calculate the greatest common factor of 2 and 4502.
2
What is the highest common divisor of 567 and 837?
27
What is the greatest common factor of 40 and 7870?
10
What is the greatest common factor of 154 and 1958?
22
Calculate the highest common divisor of 356 and 40228.
356
Calculate the greatest common divisor of 328 and 32.
8
What is the highest common factor of 15 and 23820?
15
Calculate the highest common factor of 1182 and 114.
6
What is the highest common factor of 532 and 4864?
76
Calculate the greatest common factor of 44 and 52.
4
Calculate the greatest common divisor of 35 and 35.
35
Calculate the highest common factor of 36 and 63.
9
Calculate the highest common divisor of 1596 and 57.
57
Calculate the greatest common factor of 7 and 2016.
7
Calculate the greatest common divisor of 721 and 7.
7
What is the highest common divisor of 20 and 112?
4
Calculate the highest common divisor of 72 and 426.
6
Calculate the highest common divisor of 50 and 475.
25
What is the greatest common divisor of 93 and 1767?
93
What is the highest common divisor of 527 and 31?
31
Calculate the greatest common divisor of 105 and 273.
21
What is the greatest common factor of 338 and 52?
26
Calculate the highest common factor of 8960 and 14.
14
What is the greatest common factor of 264 and 198?
66
Calculate the greatest common factor of 372 and 1984.
124
Calculate the highest common divisor of 258 and 66.
6
Calculate the greatest common divisor of 54 and 78.
6
What is the highest common divisor of 1584 and 297?
99
Calculate the highest common factor of 3225 and 15.
15
What is the greatest common divisor of 16 and 316?
4
What is the highest common divisor of 3490 and 20?
10
Calculate the highest common divisor of 2310 and 3360.
210
What is the highest common factor of 152 and 6?
2
What is the highest common factor of 43 and 3053?
43
What is the greatest common factor of 973 and 417?
139
Calculate the greatest common factor of 12777 and 3.
3
Calculate the highest common factor of 855 and 90.
45
Calculate the greatest common factor of 50 and 2700.
50
What is the greatest common divisor of 60 and 20?
20
What is the highest common factor of 651 and 69?
3
Calculate the greatest